- 4 = 0, -4*q - 2*h + 1 = -5*q. Let t(z) = q*j(z) - w(z). Determine t(-4).
-5
Let p(w) = w**2 + 3*w. Let g(r) be the first derivative of r**4/4 - 5*r**3/3 - 5*r**2 - 8*r + 12. Let y be g(7). Let o be (6/(-15))/((-36)/y + 2). Give p(o).
-2
Let y(p) = p**3 + 19*p**2 - p - 20. Let d be y(-19). Let k(x) be the second derivative of 11*x**4/6 + x**3/6 + x**2/2 + 2*x - 293. Give k(d).
22
Let o be (-21 + 976/32)*(-12)/(1 - -1). Let c(a) = 3*a + 172. What is c(o)?
1
Let c(a) be the second derivative of -a**4/6 + 11*a**3/6 - a**2 - a. Suppose -316*b = 4*d - 321*b - 12, 3*b = -2*d + 28. Calculate c(d).
-42
Let f(s) = s**3 + 29*s**2 + 81*s + 738. Let p be f(-27). Let q(w) = w**3 - 9*w**2 + w - 5. What is q(p)?
4
Suppose 12*c + 0*c - 21 = -9*c. Let v(m) = 2*m + 2. What is v(c)?
4
Suppose -206*x + 85 = 211*x - 400*x. Let g(o) = 16*o + 11. Give g(x).
91
Let b(h) = -h**3 + 4*h**2 + h - 3. Let z be b(4). Let m(c) = -4 - 5*c + 3 + 9 - 4. Let y be m(z). Let n(d) = 11*d. Give n(y).
-11
Suppose -5*n - 4*q = 30, -2*n + 4*q - 11 = -27. Let w be (3/12*n)/((-9)/216). Let d(z) = -z**2 + 14*z - 16. Give d(w).
8
Let l(m) = 66*m - 2. Let i = -822 - -821. Calculate l(i).
-68
Let x = -185 - -189. Let s(i) = 0*i + 9*i - 8*i + x. Let j be (4 + -6)/1 + -5. What is s(j)?
-3
Suppose -13*j + 102 = 4*j. Let a(p) = -4 + 5*p**2 - 4 - p**3 - 13*p + 18*p. What is a(j)?
-14
Let x(n) be the first derivative of -n**6/360 + 7*n**5/60 - 11*n**4/24 - 91*n**3/3 + n**2 - 41. Let o(i) be the third derivative of x(i). Calculate o(8).
37
Let u(r) = r**2 + 6*r + 15. Let t(l) = l**3 + 149*l**2 - 772*l - 313. Let a be t(-154). Determine u(a).
10
Let j(k) = -k**2 + 12*k + 24. Let t be j(14). Let x be (-22)/t - (2/(-1))/4. Let r(u) = -780*u + x - 2 + 778*u. Calculate r(4).
-4
Let g(r) = r**3 - 4*r**2 - 9*r + 5. Suppose o = -5*x + 685, 3*o + 156 = x + 7*o. Let p = x + -130. Calculate g(p).
23
Let x(z) be the first derivative of z**3/3 - 2*z**2 + 4*z + 133. Suppose 3*t - 4*v - 19 = 0, 4*t - 23 = v + 2*v. What is x(t)?
9
Suppose -5*k = 4*n - 2*k - 200, 3*k - 150 = -3*n. Suppose 5*z - 5*i + 15 = n, -z - 23 = 5*i. Let u(h) = 0*h - z*h - h + 7 + h**2 + 9*h. Calculate u(-6).
7
Let o be (9/7)/(22/(-77)) - 9/(-6). Let g(a) = 12*a + 37. Give g(o).
1
Suppose 5*b = -4*f + 65, 5*f + 5*b = 45 + 35. Suppose -3*m + 0 = -f. Let z(g) = -3*g + 3 - 3 + m - 4. What is z(-5)?
16
Let k(l) be the second derivative of -11/2*l**2 + 0*l**3 + 0 + 126*l - 1/12*l**4. What is k(0)?
-11
Suppose 0 = -4*r + r - 9. Let m(q) = 191*q**2 - 22*q + 18. Let l(f) = -139*f**2 + 16*f - 13. Let j(p) = 11*l(p) + 8*m(p). Calculate j(r).
-8
Let q(f) = f - 7. Let l(i) be the first derivative of 8*i**3/3 - 17*i**2 + 2*i - 234. Let h be l(4). Calculate q(h).
-13
Let t(w) = -24*w**2 + 37*w - 19. Let m(d) = 7*d**2 - 9*d + 4. Let r(z) = -9*m(z) - 2*t(z). Give r(2).
-44
Let b = -2 - 0. Let n(z) = 27*z**2 + 3*z - 22. Let u(v) = -74*v**2 - 7*v + 61. Let k(w) = 11*n(w) + 4*u(w). Determine k(b).
-4
Let m(l) = -l**2 - 4*l + 19. Suppose -219*o + 217*o - 11 = -k, -4*o - 19 = -5*k. Give m(o).
7
Let k(r) = -6 - r**2 + 2 - 3 - 8*r. Let m = -168094 + 168085. What is k(m)?
-16
Let g(h) = -105*h + 3*h + 7 + 96*h. Calculate g(-9).
61
Let x(d) be the third derivative of d**5/20 - 5*d**3/6 + 3*d**2 + 117. Give x(-2).
7
Suppose 17*i - 23*i - 60 = 0. Let d(a) be the third derivative of -a**5/60 - a**4/2 - 2*a**3 - 2*a**2. Determine d(i).
8
Let x(o) = 6*o. Let p(r) = -4*r - 2 - 18*r**2 + 19*r**2 + 3. Let q = -166 + 170. Let c be p(q). Give x(c).
6
Let n(d) = 8*d**2 - 64*d + 1. Let x be n(8). Let a(q) = 0*q**2 - 3*q - q**2 + 2*q + 4*q + 2*q**2 - x. Determine a(-5).
9
Let x be 3/(((-24)/(-30) + -1)*3). Let n(b) = -5*b - 19. Calculate n(x).
6
Let s = -17 - -14. Let m(o) = -o + 4. Let v be m(s). Suppose 0*h - h - v = -2*t, 0 = 3*h - 3*t + 15. Let j(a) = a**2 - a - 2. What is j(h)?
10
Let h(w) = -2 - 5*w - 6 + 10 + 2*w. Suppose -3*i - 64 = -4*n - 26, 3*n = 2*i + 27. Give h(i).
20
Let k be (0 + -6)*((-16)/(22/(-11)) + -6). Let l(r) = r**2 + 13*r + 4. What is l(k)?
-8
Let o(n) = 3*n + 8. Let x(p) = -26*p - 16 + 101 + 30 - 30*p**2 + p**3 - 9*p. Let q be x(31). Calculate o(q).
-19
Let b(t) be the first derivative of t**2 - t - 2. Suppose 0 = -2*q + m, 4*m = 3 + 5. Suppose q = -4*v + 4*l - 3, 0 = v + l - 7. Determine b(v).
5
Let c(a) = 34*a - 7. Let y(d) be the first derivative of 41*d**2/2 - 6*d - 97. Let u(x) = -6*c(x) + 5*y(x). Give u(-5).
7
Let v be (-25)/(-15 - 168/(-12)). Let s(o) = o**2 - 28*o + 80. Calculate s(v).
5
Let c = -8 - -15. Suppose -c*s = -4*s - 21. Let l(o) = -13*o - 8 + o**3 - 6*o**2 - 8*o - 9*o + 25*o. Calculate l(s).
6
Let d(w) be the first derivative of w**3/3 - 7*w**2 - 2*w - 348. Calculate d(6).
-50
Let u = 31 + -11. Let s(l) = -10*l + u*l - 8*l - 4 + l**2. Let z = 118 + -121. Give s(z).
-1
Let w(f) be the second derivative of 2*f**2 - 16*f + 0*f**3 + 0 + 1/12*f**4. Determine w(-3).
13
Let w(y) = -24*y + 1229. Let b be (-12)/10*(3555/(-90) - 3). Give w(b).
5
Let y(p) = -2*p - 24. Let g be y(-18). Suppose 3*o + 4 = 2*o, -d + 3*o = -g. Let j(x) = -x**2 - x - 31. Calculate j(d).
-31
Let b(j) be the second derivative of j**5/20 - j**4/4 - 2*j**3/3 + 5*j**2 - 2229*j. Calculate b(4).
10
Let n = -142 - -130. Let l = n - -96. Let d = -87 + l. Let k(u) = -u**2 - u + 1. What is k(d)?
-5
Let o(x) = -7*x + 3*x + 3*x + 1. Let u = -1541 - -1531. Give o(u).
11
Suppose -20 = 5*b - 25. Let y = 13 - b. Let d(m) be the first derivative of -m**3/3 + 11*m**2/2 + 14*m + 4. What is d(y)?
2
Let x(v) = -13*v + 3. Let f(k) = -k**3 - 20*k**2 - 50*k + 15. Let s be f(-17). Determine x(s).
29
Let j(n) = 2 + 0 + n**2 + 9*n + 6. Let w(v) = -v**3 - 27*v**2 + 37*v + 244. Let f be w(-28). What is j(f)?
0
Let j(v) be the first derivative of v**2/2 + 17*v + 366. Determine j(-10).
7
Suppose -383*m + 393*m - 20 = 0. Let w(n) = n + 2. Let h be w(0). Let b(a) = 0*a**m - 2 - 2*a**h + 0*a**2 + a**2 - 2*a. What is b(-5)?
-17
Let k(z) = -3*z - 9. Let f be (-18)/21*245/(-21). Let q be (-3 + 23/3)/(f/15). Determine k(q).
-30
Let o(y) = 24*y**2 + 1. Let u(r) = 73*r**2 - 3*r - 263. Let k(p) = 3*o(p) - u(p). What is k(-15)?
-4
Let y(m) = -2*m - 14. Let l = -2976 + 2968. What is y(l)?
2
Let a(l) = -l**3 - 18*l**2 + 18*l - 6. Let j(p) = -2*p**2 - 297*p + 2158. Let b be j(7). Determine a(b).
13
Let f(w) = -w**2 - 4*w + 3. Suppose 10*n + 5*c = 8*n - 25, 5*n - 4*c = 20. Give f(n).
3
Let u be (1 + 7)*((-24 - -34) + -3 + -5). Let d(n) be the first derivative of -1/4*n**4 - 5/2*n**2 + u + 2/3*n**3 + 3*n. Give d(3).
-21
Suppose -2*r = -36 + 32. Suppose -a = 4*d + 9, -3*a + 2 = d - 4. Let x(v) = 4*v**r + 3*v**3 + a - 2*v**3 + 2*v + 5*v - 3*v. Determine x(-3).
0
Suppose 109 = i + 112. Let v be (11 - 2)/i*10/(-6). Let f(c) = -c**2 + 5*c + 4. Calculate f(v).
4
Let i(u) = -u**3 - 9*u**2 - 5*u - 2. Let h be 53/(-6) - 6/36. Determine i(h).
43
Let m(k) = -5*k**3 - 8*k**2 + k - 13. Let c(b) = 4*b**3 + 8*b**2 - b + 12. Let h(u) = -4*c(u) - 3*m(u). Let j be -12*(1643/93 + -17). Give h(j).
-17
Let j(q) = 37 + 18*q - 96*q + 31*q + 19*q + 21*q. Determine j(-6).
79
Suppose -x - 5*r - 20 = 0, -r - 25 = 57*x - 61*x. Let l(p) = -p**2 - 6*p + 50. Determine l(x).
-5
Suppose -5*z + 0*z - 2*m + 123 = 0, 5*z - 99 = 4*m. Let d = -24 + z. Let a(t) be the first derivative of -3*t**4/2 + t**3/3 + t**2/2 - 36. Calculate a(d).
6
Let n = -3014 - -3005. Let j(o) = 3*o + 8. What is j(n)?
-19
Let r(z) = 15*z - 153*z**2 + 239*z**2 - 85*z**2. Determine r(-17).
34
Let a(g) = g**2 - 23*g - 96. Let q(k) = 2*k**2 - 45*k - 169. Let i(x) = -9*a(x) + 5*q(x). Determine i(17).
2
Let y(o) = -3*o + 4. Let m be y(3). Let n(c) be the third derivative of c**4/8 - c**3/2 - 29391*c**2. Calculate n(m).
-18
Let z(p) = 167*p**2 - 57*p**2 - 37*p**2 - 63*p**2 + 19 - p**3 + 9*p. Give z(11).
-3
Let a be ((-3)/(-3))/(150/90)*20. Let g(n) = 4*n - 37. What is g(a)?
11
Let f = 18983 - 19008. Let g(x) = -2*x**2 - 53*x - 65. Determine g(f).
10
Let w(y) be the first derivative of -y**5/120 + 13*y**4/24 - 20*y**3 - 34. Let p(m) be the third derivative of w(m). What is p(13)?
0
Let g = 20 + -22. Let l(s) = -6*s - 10. Let u(y) = 2*y + 5. Let w(m) = g*l(m) - 5*u(m). Suppose f = t - 1 - 0, f + 6 = 2*t. Give w(t).
5
Let i = 18 - 19. Let s(u) = u**2 + 5*u + 12. Let v be s(-5). Let 